. Let f be (-1)/b + 6 + -5. Calculate the remainder when 40 is divided by ((-168)/18)/(f/(-3)).
12
Let n = 51 + -11. Suppose -2*h - 3*j = 22 - 66, 0 = 2*h + j - n. What is the remainder when 74 is divided by h?
17
Let s(z) = -3*z - 12. Let u be s(-6). Suppose 4*p - u*p = -6. Let f = p + 7. Calculate the remainder when 37 is divided by f.
7
Suppose 9*l - 43 - 2 = 0. Suppose -3*x + l*p + 41 = -41, 3*p = -2*x + 42. What is the remainder when x is divided by 10?
4
Let a be 4/(-3)*21/14. What is the remainder when a/(-8) - (-286)/8 is divided by 19?
17
Let p be 2/(-6) - (-143)/(-3). Let y = 97 + p. Let j = 17 + -7. What is the remainder when y is divided by j?
9
Suppose -5*u + 173 = -457. Suppose 5*n - 9 = u. What is the remainder when n is divided by 10?
7
Suppose 0 = 3*l + 5*x - 15, 5*l + 0*l - 25 = x. Let k = 9 - l. What is the remainder when 42/8 - 1/k is divided by 4?
1
Let b(v) = 3*v**2 + 45*v - 17. What is the remainder when 245 is divided by b(-16)?
28
Let a be (0/(-1))/(0 + -1). Suppose -f + a*f + 3 = 0. What is the remainder when 3/(-4 - -5) + 0 is divided by f?
0
Calculate the remainder when (-258)/(-4) + 3/6 + -1 is divided by 30.
4
Suppose -3*c + 210 = -0*c. Calculate the remainder when c is divided by 15.
10
Suppose 4*w + 127 = 6*w + z, 259 = 4*w - 3*z. Suppose k - 5*r = 13, -5*k = -r - 2 - 63. Calculate the remainder when w is divided by k.
12
Let o(q) = -57*q - 2. Let u be o(-3). Let j = 519 - u. Suppose -380 = -5*s - 2*v, 5*s + 0*s - j = 4*v. What is the remainder when s is divided by 19?
17
Let u(k) = -91*k + 500. What is the remainder when u(5) is divided by 10?
5
Let m = -391 + 963. What is the remainder when m is divided by 48?
44
Suppose 412 = 6*q + 16. What is the remainder when q is divided by 9?
3
Let f(k) = k**2 - 108. What is the remainder when f(-14) is divided by 45?
43
Calculate the remainder when (22 - 27) + (45 - -1) is divided by 16.
9
Suppose -p - 83 = -2*u, -2*u - 4*p = -5*u + 127. What is the remainder when 490 is divided by u?
39
Let k(q) = -q**2 + 9*q + 14. Let g be k(10). Let y(n) = n**2 + 3*n + 7. Let a be y(-2). Suppose -a = -g*z + 27. What is the remainder when 14 is divided by z?
6
Suppose -3*v + 2*f = -2*v - 14, -2*f + 96 = 4*v. What is the remainder when 97 is divided by v?
9
Let t(c) = -9*c. Let g be t(-1). Suppose 0 = -g*k + 5*k + 52. Suppose 4*y = -16 + 48. What is the remainder when k is divided by y?
5
Let i be (45/(-12))/(12/(-32)). Let m be (-13)/(-5) - i/(-25). Calculate the remainder when (-3)/((-5)/(20/m)) is divided by 3.
1
Let c be (9/(-18))/(2*(-3)/60). Suppose 0 = -2*y - 3*x + 279, 0*x = c*y - 4*x - 755. Calculate the remainder when y is divided by 30.
27
Suppose -2*t - 1 = 3. Let z(o) = -47*o. Suppose 96 = 4*m - k, -11*m + 8*m - 4*k + 72 = 0. What is the remainder when z(t) is divided by m?
22
Suppose -n - 3*p + 74 = 0, 4*n - 309 = 2*p - p. Calculate the remainder when (-1 - 0) + n + -6 is divided by 19.
13
Suppose -2*h + 1415 = 5*p, 9*h - 10*h - 849 = -3*p. What is the remainder when p is divided by 37?
24
Suppose 2*d = 4*b + 10, -2*d = -2*b - 3*b - 10. Suppose w + b*w - 38 = 0. Calculate the remainder when w is divided by 20.
18
Let j = 109 + -105. Suppose -2*v - 111 = -5*f + 4*f, 454 = j*f - 3*v. Calculate the remainder when f is divided by 29.
28
Let i(q) be the third derivative of -q**4/4 - q**3/2 + 4*q**2. What is the remainder when i(-11) is divided by 33?
30
Let w(o) = -o + 5. Let b be w(5). Let h be 1/(3/(-8))*3/(-2). Suppose -h*c + b*c = -48. What is the remainder when 33 is divided by c?
9
Suppose -2*z + 5*l = -505, -2*z - 4*l = -5*l - 493. Suppose 5*b + 5*y = -0*y + z, -b = -5*y - 55. Calculate the remainder when b is divided by 16.
2
What is the remainder when (-14 + 368/24)/(2/252) is divided by 90?
78
Suppose 0 = 5*i + 3*g - 43, 5*i - 3*g = 20 + 17. Suppose 43*w - 32*w = 209. Calculate the remainder when w is divided by i.
3
Let f(x) = x**3 - x**2 + 13. Suppose -11*n + 114 + 645 = 0. Suppose -126 = -4*l + 2*c - 40, 3*l + 3*c = n. Calculate the remainder when l is divided by f(0).
9
Suppose 0 = -2*p - 2, 5*q + 2*p + 2 = 20. Suppose -15 = -5*h + 2*g, 0*g + q*g - 15 = -5*h. Calculate the remainder when 54/4*(-6)/(-9) is divided by h.
0
Suppose 0 = 3*b - 7*x + 2*x + 57, -4*x = -4*b - 68. Let f = 59 + b. Suppose -f = -5*n + 3*w, -n + 9 = 4*w - w. What is the remainder when 24 is divided by n?
6
Suppose 0 = 29*x - 32*x + 69. What is the remainder when x/(-4)*104/(-13) is divided by 24?
22
Suppose 5*z - 7*j = -11*j + 108, 4*z + 4*j = 84. What is the remainder when 260 is divided by z?
20
Suppose -11 + 116 = 5*q. Let a(h) = -h**2 + 23*h - 34. What is the remainder when 15 is divided by a(q)?
7
Suppose 6 = 3*s - 6. Let g(l) be the second derivative of -l**4/12 + 5*l**3/6 - l**2/2 + 3*l. Calculate the remainder when 9 is divided by g(s).
0
Let i = 51 - 35. Let x = -78 - -207. Suppose -6 = -3*f + x. What is the remainder when f is divided by i?
13
Let z(c) = c**3 + 71*c**2 - 140*c + 467. Suppose 53 = d - 62. Calculate the remainder when d is divided by z(-73).
28
Let n(y) = y**3 + 2*y**2 - 8*y + 21. What is the remainder when 80 is divided by n(0)?
17
What is the remainder when 65 is divided by (-135)/(-10) + 4 + (-2)/4?
14
Suppose 2*c - 30 = -5*n, -2*c - 3*n + 1 + 25 = 0. Suppose 5*g = 2*g - 354. Let s = g - -135. What is the remainder when s is divided by c?
7
Suppose 0 = 2*u + 2*q - 300, -1 = -5*q + 4. Calculate the remainder when u is divided by 22.
17
Let m = -130 - -234. Let g = 151 - m. Suppose 0 = -2*y + 4*j + 24, y - 12 = -0*y - 4*j. What is the remainder when g is divided by y?
11
Suppose -104 = -2*o + 4*j, -o + j = 3*j - 44. Let s be ((-3)/(-2))/3*0. What is the remainder when o is divided by (s - -25)*(2 - 1)?
23
Let d = -2 - -11. Suppose 0*y = y + d. What is the remainder when 15 is divided by 2/3 + (-48)/y?
3
Let t(h) = -3*h**3 - 4*h**2 - 5*h - 15. Calculate the remainder when 142 is divided by t(-3).
7
Suppose -5*j - 79 = -4*d, 0 = -3*j - d - 29 - 32. Let p = -16 - j. Let x = -1 + 3. What is the remainder when p is divided by x?
1
Let b(p) = -p**3 - 10*p**2 - 15*p + 10. Let o be b(-8). Suppose 3*l - 2*l - 71 = 0. Calculate the remainder when l is divided by 2*((-26)/(-4) - o).
8
Suppose 5200 = 16*f + 34*f. Calculate the remainder when 726 is divided by f.
102
Suppose -100*z = -105*z + 385. Let y = z - 52. What is the remainder when 124 is divided by y?
24
Suppose 2*m + 22*v - 151 = 21*v, -93 = -m - 4*v. What is the remainder when 277 is divided by m?
58
Let w = -183 + 220. Calculate the remainder when 108 is divided by w.
34
Let p = -2561 + 2684. Calculate the remainder when p is divided by 6/(-4)*(-64)/3.
27
Let s = -174 - -294. What is the remainder when s is divided by 26?
16
Suppose -v - 85 = -2*b, -4*v = v + 5. Let p(z) = -3*z - 9. Calculate the remainder when b is divided by p(-8).
12
Suppose 2*y - 32 = 5*n, 4*n - 25 = y - 4*y. Suppose -2*l - 102 = -0*l - 2*h, -67 = 2*l + 5*h. Let k = -14 - l. What is the remainder when k is divided by y?
10
Let w be 1900/15*3/2. Suppose -o + w = 4*o. Let c = -11 - -25. Calculate the remainder when o is divided by c.
10
Suppose 3*z - 112 = -s, -z - 3*s + 63 = z. Suppose z = 5*t + 2*j, 0 = 5*t - 0*t - 3*j - 29. Calculate the remainder when 25 is divided by t.
4
Let r = -31 + 36. Suppose 3*g - 77 = r*p, g = 4*g + p - 53. What is the remainder when 67 is divided by g?
10
Let a(q) = 10*q - 5. Let j be a(4). Suppose -s = 4*l - 5*s - 56, 0 = -2*l - 5*s + j. Let v(n) = n**2 + 7. Calculate the remainder when v(7) is divided by l.
11
Suppose -7*c + 3*c + 24 = 0. Let r = 27 + c. What is the remainder when r is divided by 18?
15
What is the remainder when 18945/24 + (-33)/88 is divided by 79?
78
Suppose 2*d = -3*y + 29, 5*d - 5*y - 15 = -y. Let r = -55 - -59. Suppose 5*f - 79 = -3*m, 0*m - 82 = -2*m + r*f. What is the remainder when m is divided by d?
5
Suppose 62*l = 66*l - 5*w - 76, 5*w = 0. What is the remainder when 58 is divided by l?
1
Let k(p) = p**2 - 13*p + 2. Let j be k(13). Let s be 4/(0 - j/12). Calculate the remainder when 22 is divided by (s/18)/(2/(-18)).
10
Suppose -1060*h + 1067*h = 98. What is the remainder when 53 is divided by h?
11
Let i = -72 + 41. Let n = 42 + i. Calculate the remainder when n is divided by 7.
4
Le